 -147 (base 10) in base 2?
-10010011
What is b3 (base 15) in base 11?
143
202202 (base 5) to base 9
8880
Convert 1110203 (base 4) to base 12.
316b
What is 841 (base 14) in base 6?
11305
Convert -1068 (base 16) to base 13.
-1bb1
Convert 40332 (base 7) to base 4.
2120232
What is -14001 (base 5) in base 3?
-1112201
-163166 (base 7) to base 16
-7e53
What is -35a (base 14) in base 4?
-22130
Convert -1577 (base 11) to base 6.
-13204
Convert 8297 (base 10) to base 6.
102225
-2210121 (base 3) to base 14
-a5b
What is 69e7 (base 16) in base 14?
9c47
Convert -13800 (base 14) to base 9.
-73123
What is 2334 (base 6) in base 11?
471
-42423 (base 6) to base 11
-4380
-102023030 (base 4) to base 12
-370b8
-100021 (base 3) to base 15
-11a
-216134 (base 8) to base 7
-422143
Convert -6303 (base 8) to base 14.
-1295
What is 725 (base 11) in base 12?
60a
What is -31203133 (base 4) in base 11?
-38792
-246 (base 12) to base 15
-17c
1fd (base 16) to base 11
423
What is -17182 (base 10) in base 14?
-6394
What is -144041 (base 5) in base 3?
-22102122
What is 785 (base 10) in base 9?
1062
Convert 60238 (base 10) to base 14.
17d4a
-364 (base 12) to base 3
-200211
What is 20024 (base 5) in base 8?
2360
Convert 533d (base 14) to base 5.
424423
1210 (base 3) to base 9
53
-4122 (base 10) to base 7
-15006
-20012211 (base 3) to base 7
-16132
What is -87166 (base 9) in base 16?
-e184
13111132 (base 4) to base 3
1112012211
-103d7 (base 14) to base 6
-501241
Convert -653 (base 15) to base 10.
-1428
14964 (base 11) to base 9
31871
What is c06c (base 15) in base 10?
40602
13b (base 15) to base 13
188
-1431 (base 6) to base 11
-315
499 (base 13) to base 3
1002201
What is 3055 (base 6) in base 8?
1253
Convert -54894 (base 10) to base 15.
-113e9
-6698 (base 12) to base 14
-41c8
1063 (base 8) to base 4
20303
What is 205 (base 8) in base 5?
1013
-34253 (base 6) to base 12
-2989
12102 (base 4) to base 8
622
What is 109 (base 16) in base 10?
265
What is -222122001 (base 3) in base 9?
-28561
-4136 (base 9) to base 16
-bd6
What is -2351 (base 9) in base 6?
-12031
What is 10001010 (base 2) in base 16?
8a
What is -20000101 (base 3) in base 10?
-4384
What is 77 (base 14) in base 12?
89
-12202 (base 5) to base 14
-4a3
a43 (base 14) to base 15
8e9
What is -10001010011 (base 2) in base 12?
-783
Convert 22210111 (base 3) to base 5.
201122
Convert 32220 (base 4) to base 12.
660
What is 606 (base 7) in base 5?
2200
-20123221 (base 4) to base 7
-202456
What is -9f23 (base 16) in base 13?
-1570a
-489 (base 12) to base 13
-405
What is 2234103 (base 5) in base 4?
21233133
Convert 3036 (base 7) to base 10.
1056
Convert -669 (base 16) to base 6.
-11333
-110001011000 (base 2) to base 8
-6130
Convert -23331030 (base 4) to base 8.
-137514
What is 8c1 (base 15) in base 7?
5530
What is 1115 (base 8) in base 10?
589
101010111000 (base 2) to base 13
1331
-1b41 (base 12) to base 5
-101421
What is -9212 (base 12) in base 10?
-15854
What is 8303 (base 9) in base 5?
143303
Convert -33041 (base 6) to base 10.
-4561
Convert 21432 (base 7) to base 8.
12364
What is -12124 (base 6) in base 14?
-912
Convert 111232 (base 4) to base 9.
1814
-250 (base 8) to base 14
-c0
Convert -1512 (base 9) to base 7.
-3224
Convert -5db5 (base 14) to base 3.
-211112102
What is -229 (base 14) in base 7?
-1152
Convert 2320123 (base 4) to base 10.
11803
What is 241132 (base 5) in base 8?
21325
Convert 2a62 (base 11) to base 13.
1a41
Convert -131e8 (base 15) to base 7.
-343256
Convert c7d5 (base 16) to base 13.
1a392
What is -51554 (base 7) in base 3?
-122022212
What is 12112122 (base 3) in base 4?
333020
Convert -5ac9 (base 14) to base 2.
-11110111110001
Convert -1627 (base 13) to base 14.
-127a
What is 2313 (base 5) in base 8?
515
Convert 315034 (base 7) to base 13.
1bab1
-131120 (base 4) to base 5
-30010
333342 (base 5) to base 3
121002011
What is -14350 (base 11) in base 8?
-47637
-789 (base 12) to base 5
-13423
What is 11100001 (base 3) in base 15?
e0a
What is 6a35 (base 11) in base 5?
243414
-2270 (base 13) to base 5
-123243
Convert 111010101001111 (base 2) to base 5.
1430111
Convert 2010 (base 10) to base 3.
2202110
Convert -413401 (base 5) to base 6.
-142545
-18a (base 12) to base 5
-2000
What is 4365 (base 13) in base 5?
300003
2003 (base 8) to base 9
1361
What is -14493 (base 10) in base 5?
-430433
What is -20137 (base 10) in base 4?
-10322221
-425 (base 16) to base 10
-1061
-110001 (base 2) to base 8
-61
11abc (base 13) to base 12
16a4b
-3d96 (base 16) to base 9
-23557
What is 420b (base 13) in base 5?
243022
4587 (base 9) to base 16
d48
What is 6043 (base 9) in base 8?
10475
Convert -653 (base 10) to base 6.
-3005
Convert 84 (base 9) to base 4.
1030
-410301 (base 5) to base 11
-9a11
Convert -1616 (base 8) to base 10.
-910
Convert -21d (base 14) to base 9.
-515
Convert -15b24 (base 12) to base 14.
-b416
-100 (base 2) to base 5
-4
What is 53524 (base 7) in base 14?
4bbb
What is -210210 (base 3) in base 11?
-495
-1333442 (base 5) to base 4
-12223230
Convert -76 (base 11) to base 8.
-123
Convert 15 (base 10) to base 15.
10
103231 (base 4) to base 10
1261
Convert 5123 (base 6) to base 15.
506
What is 40511 (base 7) in base 12?
5855
What is 5ae (base 15) in base 7?
3521
Convert 2223030 (base 4) to base 10.
10956
-1a31 (base 15) to base 3
-21210001
-41525 (base 6) to base 3
-21200022
What is 110121202 (base 3) in base 5?
243300
1011000111010 (base 2) to base 13
2789
429 (base 11) to base 15
245
Convert 46 (base 7) to base 16.
22
-203 (base 6) to base 7
-135
Convert -26737 (base 12) to base 11.
-36813
What is -1110 (base 2) in base 14?
-10
Convert -6678 (base 9) to base 10.
-4931
What is 1102310 (base 4) in base 7?
21311
What is -10b (base 15) in base 9?
-282
54303 (base 6) to base 5
214310
What is -2a1 (base 14) in base 12?
-385
Convert -5105 (base 7) to base 5.
-24034
What is -152 (base 15) in base 16?
-12e
What is -1020323 (base 4) in base 7?
-16415
Convert db (base 14) to base 8.
301
What is 23b0 (base 14) in base 10?
6230
-11010111101 (base 2) to base 9
-2326
-69 (base 10) to base 3
-2120
-101111111 (base 2) to base 6
-1435
Convert -11177 (base 13) to base 7.
-156311
What is -133221 (base 4) in base 8?
-3751
-43355 (base 6) to base 3
-22012022
ac86 (base 13) to base 16
5e2c
Convert 1603 (base 7) to base 3.
212201
What is -208 (base 10) in base 14?
-10c
Convert 2c57 (base 13) to base 4.
1211132
What is 4538 (base 10) in base 7?
16142
Convert 4476 (base 13) to base 9.
14103
661 (base 7) to base 16
151
Convert -1e55 (base 15) to base 6.
-50325
-504 (base 15) to base 4
-101221
-36794 (base 10) to base 7
-212162
Convert 53840 (base 9) to base 4.
20231130
-31132132 (base 4) to base 11
-38520
What is 232 (base 15) in base 6?
2145
Convert -603 (base 9) to base 8.
-751
What is -1010210 (base 3) in base 4?
-30333
4273 (base 14) to base 5
331334
What is -1113 (base 5) in base 4?
-2132
What is -16c3 (base 14) in base 12?
-244b
What is 1011100001100 (base 2) in base 15?
1b35
Convert 22d7 (base 15) to base 13.
34a5
What is -1111100011010000 (base 2) in base 15?
-13d16
What is -111000100100 (base 2) in base 5?
-103440
Convert -1536 (base 9) to base 15.
-52c
-1602 (base 8) to base 10
-898
Convert 241414 (base 5) to base 6.
105332
-40034 (base 8) to base 10
-16412
22b (base 15) to base 7
1301
Convert 1339 (base 15) to base 3.
12122000
Convert 2020101 (base 3) to base 16.
65e
What is c2b (base 14) in base 8?
4527
What is -104315 (base 6) in base 7?
-34352
-1ea1 (base 15) to base 16
-1a14
What is cc4 (base 13) in base 7?
6244
Convert 1444 (base 5) to base 2.
11111001
What is -3a072 (base 11) in base 8?
-157740
Convert a27 (base 16) to base 12.
1607
Convert -100251 (base 8) to base 7.
-165012
101010010 (base 2) to base 8
522
Convert 1425 (base 7) to base 4.
20232
What is 42203 (base 5) in base 6?
20551
1201 (base 4) to base 5
342
What is 10823 (base 9) in base 8?
16076
What is 101020011 (base 3) in base 10?
7456
-1130 (base 10) to base 8
-2152
Convert -299 (base 15) to base 16.
-252
-dce (base 15) to base 4
-300233
12112022 (base 3) to base 10
4031
What is 13544 (base 6) in base 15?
987
Convert 7288 (base 14) to base 15.
5c9a
What is -136333 (base 7) in base 15?
-7b94
What is 18583 (base 10) in base 11?
12a64
Convert 291 (base 10) to base 11.
245
156